{"id":313,"date":"2024-06-19T22:07:59","date_gmt":"2024-06-19T21:07:59","guid":{"rendered":"https:\/\/heiligenrode.de\/?page_id=313"},"modified":"2024-08-12T16:00:03","modified_gmt":"2024-08-12T15:00:03","slug":"programm-am-17-august-2024-heiligenrode","status":"publish","type":"page","link":"https:\/\/heiligenrode.de\/?page_id=313","title":{"rendered":"Programm am 17. August 2024 Heiligenrode"},"content":{"rendered":"\n<p class=\"has-text-align-left has-small-font-size\"><strong>Stand: 10.08.2024<\/strong><\/p>\n\n\n\n<p class=\"has-medium-font-size\">Hier findet Ihr den <strong>Programmablauf <\/strong>der Feierlichkeiten in Heiligenrode anl\u00e4sslich des 50 j\u00e4hrigen Bestehens der Gemeinde Stuhr&#8230;<br><br>Alle Aktionen mit Uhrzeit und Ort zum <a href=\"https:\/\/heiligenrode.de\/wp-content\/uploads\/2024\/08\/Zeitplan-Heiligenrode_Stand_12-08-2024.pdf\" data-type=\"attachment\" data-id=\"391\">Download<\/a><\/p>\n\n\n\n<figure class=\"wp-block-image size-large\"><a href=\"https:\/\/heiligenrode.de\/wp-content\/uploads\/2024\/08\/Zeitplan-Heiligenrode_Stand_12-08-2024.pdf\"><img loading=\"lazy\" decoding=\"async\" width=\"613\" height=\"1024\" src=\"https:\/\/heiligenrode.de\/wp-content\/uploads\/2024\/08\/Zeitplan_Heiligenrode-feiert-613x1024.png\" alt=\"\" class=\"wp-image-390\" srcset=\"https:\/\/heiligenrode.de\/wp-content\/uploads\/2024\/08\/Zeitplan_Heiligenrode-feiert-613x1024.png 613w, https:\/\/heiligenrode.de\/wp-content\/uploads\/2024\/08\/Zeitplan_Heiligenrode-feiert-180x300.png 180w, https:\/\/heiligenrode.de\/wp-content\/uploads\/2024\/08\/Zeitplan_Heiligenrode-feiert.png 699w\" sizes=\"auto, (max-width: 613px) 100vw, 613px\" \/><\/a><\/figure>\n\n\n\n<p class=\"has-medium-font-size\">10.00 &#8211; 12.00<\/p>\n\n\n\n<ul class=\"wp-block-list has-medium-font-size\">\n<li class=\"has-medium-font-size\"><strong>Radwanderung der G\u00e4stef\u00fchrung<\/strong> <br>&#8211; Treffpunkt Mahnmahl Obernheide &#8211;<br><strong>&#8222;Denkmal dr\u00fcber nach&#8220;<\/strong><br>eine Radwanderung zum Jubifest<br>50 Jahre Stuhr &#8211; 842 Jahre Heiligenrode<br>Mit dem Rad begeben wir uns auf eine kleine Stuhrer Denkmaltour, bei der verschiedene Denkm\u00e4ler in unsern Ortsteilen vorgestellt werden. Die Gemeinde Stuhr hat infolge der kommunalen Zusammenlegung unserer 8 Ortsteile zutreffend erkannt, dass alte Bausubstanz erhalten werden kann und hat daher wichtige Begegnungsst\u00e4tten geschaffen. Diese werden in beispielhafter Kooperation mit den regionalen F\u00f6rdervereinen oder den Kirchengemeinden gepflegt und auch f\u00fcr die Feierlichkeiten des Jubil\u00e4ums genutzt.<br><strong>Treffpunkt Mahnmal Obernheide &#8211; 10.00 Uhr<\/strong><\/li>\n<\/ul>\n\n\n\n<p class=\"has-large-font-size\"><strong><em><mark style=\"background-color:#e2e2e2\" class=\"has-inline-color has-black-color\">M\u00fchlenwiese und Umzu<\/mark><\/em><\/strong><\/p>\n\n\n\n<figure class=\"wp-block-image size-large\"><img loading=\"lazy\" decoding=\"async\" width=\"968\" height=\"1024\" src=\"https:\/\/heiligenrode.de\/wp-content\/uploads\/2024\/08\/Lageplan-Muehlenwiese-968x1024.png\" alt=\"\" class=\"wp-image-370\" srcset=\"https:\/\/heiligenrode.de\/wp-content\/uploads\/2024\/08\/Lageplan-Muehlenwiese-968x1024.png 968w, https:\/\/heiligenrode.de\/wp-content\/uploads\/2024\/08\/Lageplan-Muehlenwiese-284x300.png 284w, https:\/\/heiligenrode.de\/wp-content\/uploads\/2024\/08\/Lageplan-Muehlenwiese-768x812.png 768w, https:\/\/heiligenrode.de\/wp-content\/uploads\/2024\/08\/Lageplan-Muehlenwiese.png 1009w\" sizes=\"auto, (max-width: 968px) 100vw, 968px\" \/><\/figure>\n\n\n\n<p class=\"has-medium-font-size\"><em>9.00 Uhr<\/em><br><strong>Offizielle Begr\u00fc\u00dfung durch Stephan Korte<\/strong>, B\u00fcrgermeister der Gemeinde Stuhr<\/p>\n\n\n\n<p class=\"has-medium-font-size\"><em>9.00 \u2013 10.00 Uhr<\/em><br><strong>Gro\u00dfes Dorffr\u00fchst\u00fcck f\u00fcr alle!<\/strong><br>F\u00fcr das Fr\u00fchst\u00fcck stehen Kaffee und Tee bereit. Alle G\u00e4ste sind eingeladen, sich mit einem kleinen Buffetbeitrag an der Tafel zu beteiligen. Bringen Sie Ihr Geschirr selber mit.<\/p>\n\n\n\n<p>10.00 &#8211; 12.00 Uhr<\/p>\n\n\n\n<ul class=\"wp-block-list\">\n<li>Radwanderung der G\u00e4stef\u00fchrung<br>Treffpunkt Mahnmahl Obernheide<\/li>\n\n\n\n<li><\/li>\n<\/ul>\n\n\n\n<p class=\"has-medium-font-size\"><em>10.00 \u2013 17.00 Uhr<\/em><\/p>\n\n\n\n<ul class=\"wp-block-list\">\n<li class=\"has-medium-font-size\"><strong>Spiel und Spa\u00df f\u00fcr die Kinder<\/strong><\/li>\n\n\n\n<li class=\"has-medium-font-size\"><strong>Offene Wasserm\u00fchle<\/strong><\/li>\n\n\n\n<li class=\"has-medium-font-size\"><strong>Offenes Atelier<\/strong><\/li>\n<\/ul>\n\n\n\n<p class=\"has-medium-font-size\"><em>10.00 \u2013 14.00 Uhr<\/em><br><strong>Fr\u00fchschoppen mit der Landjugend<\/strong><\/p>\n\n\n\n<p class=\"has-medium-font-size\"><em>11.00 \u2013 17.00 Uhr<\/em><br><strong>St\u00fcndliche F\u00fchrungen durch Heiligenrode und den Klosterwald<\/strong><\/p>\n\n\n\n<p class=\"has-medium-font-size\"><em>14.00 \u2013 17.00 Uhr<\/em><br><strong>Backtag mit Kaffee und Kuchen und Brotverkauf<\/strong><\/p>\n\n\n\n<p class=\"has-medium-font-size\"><em>18.00 Uhr<\/em><br><strong>Come Together bei Bratwurst und Getr\u00e4nken<\/strong><\/p>\n\n\n\n<p class=\"has-medium-font-size\"><em>Ab 11:00 Uhr<\/em><br><strong>&#8222;KINO&#8220; im Filmzelt:<\/strong><br>&#8211; 11:00 und 16:00 <br><strong>Film \u00fcber die 800 Jahrfeier in Heiligenrode (1982) &#8211; <\/strong><br>&#8211; 12:00 eine bekannte Kinder-Serie von 1974<br>&#8211; 13:00 und 17:00<br>&#8211; <strong>Der Traum vom Leben im Gr\u00fcnen (70er Jahre) &#8211; 57 min<\/strong><br>  Die 70er Jahre in Syke, Weyhe und Stuhr<br>&#8211; 14:00 eine bekannte Kinder-Serie von 1974<\/p>\n\n\n\n<p class=\"has-medium-font-size\"><em>Ab 19.00 Uhr<\/em><br><strong>Lange &#8211; Filmnacht<\/strong><br>es werden 3 Filme gezeigt&#8230; <br>19:00 &#8211; Kinofilm (1974) &#8211; 7 Oscars &#8211; 129 min<br>21:15 &#8211; Kinofilm (1974) &#8211; 1 Oscar &#8211; 130 min<br>23:30 &#8211; Kinofilm (2024) &#8211; 108 min<br>            Eine w\u00fcrdige Hommage an einen der <br>            gro\u00dfen K\u00fcnstler unserer Zeit.<br>&#8211; es lohnt sich &#8211;<\/p>\n\n\n\n<p class=\"has-large-font-size\"><em><strong>Open End auf der M\u00fchlenwiese!<\/strong><\/em><\/p>\n\n\n\n<hr class=\"wp-block-separator has-alpha-channel-opacity\"\/>\n\n\n\n<p class=\"has-large-font-size\"><strong><em><mark style=\"background-color:#e2e2e2\" class=\"has-inline-color has-black-color\">Klosterhofplatz und Umzu<\/mark><\/em><\/strong><\/p>\n\n\n\n<figure class=\"wp-block-image size-large\"><img loading=\"lazy\" decoding=\"async\" width=\"1024\" height=\"763\" src=\"https:\/\/heiligenrode.de\/wp-content\/uploads\/2024\/08\/Lageplan-Klosterhofplatz-1024x763.png\" alt=\"\" class=\"wp-image-369\" srcset=\"https:\/\/heiligenrode.de\/wp-content\/uploads\/2024\/08\/Lageplan-Klosterhofplatz-1024x763.png 1024w, https:\/\/heiligenrode.de\/wp-content\/uploads\/2024\/08\/Lageplan-Klosterhofplatz-300x224.png 300w, https:\/\/heiligenrode.de\/wp-content\/uploads\/2024\/08\/Lageplan-Klosterhofplatz-768x572.png 768w, https:\/\/heiligenrode.de\/wp-content\/uploads\/2024\/08\/Lageplan-Klosterhofplatz-403x300.png 403w, https:\/\/heiligenrode.de\/wp-content\/uploads\/2024\/08\/Lageplan-Klosterhofplatz.png 1518w\" sizes=\"auto, (max-width: 1024px) 100vw, 1024px\" \/><\/figure>\n\n\n\n<p class=\"has-medium-font-size\"><strong>10.00 \u2013 17.00 Uhr<\/strong><\/p>\n\n\n\n<ul class=\"wp-block-list\">\n<li class=\"has-medium-font-size\"><strong>Infost\u00e4nde lokaler Vereine<\/strong><br><\/li>\n\n\n\n<li class=\"has-medium-font-size\"><strong>Fahrzeuge und Vorf\u00fchrungen der Freiwilligen Feuerwehr Heiligenrode<\/strong><br><\/li>\n\n\n\n<li class=\"has-medium-font-size\"><strong>LEADER lohnt sich!<\/strong><br>Erika Bernau (Projektleiterin Regional- und Dorfentwicklung) informiert \u00fcber die M\u00f6glichkeiten der LEADER-Region Stuhr\/Weyhe und stellen erste <strong>Projekte und Ideen<\/strong> vor.<br>&#8211; F\u00fcr die Kleineren gibt es ein kleines Bodenpuzzle &#8211;<br><\/li>\n\n\n\n<li class=\"has-medium-font-size\"><strong>LandFrauenverein Harpstedt-Heiligenrode<\/strong><br><strong>Getr\u00e4nkewagen <\/strong>und Infostand<\/li>\n<\/ul>\n\n\n\n<ul class=\"wp-block-list\">\n<li class=\"has-medium-font-size\"><strong>DRK &#8211; Ortsverein Heiligenrode\/Gro\u00df Mackenstedt<\/strong><br>Infostand mit Gl\u00fccksrad und Kleiderkammer<br>&#8211; <strong>Gl\u00fccksrad Drehen<\/strong> von 14:00 bis 16:00 Uhr!<br>&#8211; die <strong>Kleiderkammer<\/strong> ist von 10:00-17:00 ge\u00f6ffnet <\/li>\n<\/ul>\n\n\n\n<figure class=\"wp-block-image size-large is-resized\"><img loading=\"lazy\" decoding=\"async\" width=\"1024\" height=\"653\" src=\"https:\/\/heiligenrode.de\/wp-content\/uploads\/2024\/08\/DRK_StandGluecksrad-1024x653.jpg\" alt=\"\" class=\"wp-image-379\" style=\"width:467px;height:auto\" srcset=\"https:\/\/heiligenrode.de\/wp-content\/uploads\/2024\/08\/DRK_StandGluecksrad-1024x653.jpg 1024w, https:\/\/heiligenrode.de\/wp-content\/uploads\/2024\/08\/DRK_StandGluecksrad-300x191.jpg 300w, https:\/\/heiligenrode.de\/wp-content\/uploads\/2024\/08\/DRK_StandGluecksrad-768x490.jpg 768w, https:\/\/heiligenrode.de\/wp-content\/uploads\/2024\/08\/DRK_StandGluecksrad-470x300.jpg 470w, https:\/\/heiligenrode.de\/wp-content\/uploads\/2024\/08\/DRK_StandGluecksrad.jpg 1524w\" sizes=\"auto, (max-width: 1024px) 100vw, 1024px\" \/><\/figure>\n\n\n\n<figure class=\"wp-block-image size-large is-resized\"><img loading=\"lazy\" decoding=\"async\" width=\"1024\" height=\"768\" src=\"https:\/\/heiligenrode.de\/wp-content\/uploads\/2024\/08\/Kleiderkammer-1024x768.jpg\" alt=\"\" class=\"wp-image-378\" style=\"width:454px;height:auto\" srcset=\"https:\/\/heiligenrode.de\/wp-content\/uploads\/2024\/08\/Kleiderkammer-1024x768.jpg 1024w, https:\/\/heiligenrode.de\/wp-content\/uploads\/2024\/08\/Kleiderkammer-300x225.jpg 300w, https:\/\/heiligenrode.de\/wp-content\/uploads\/2024\/08\/Kleiderkammer-768x576.jpg 768w, https:\/\/heiligenrode.de\/wp-content\/uploads\/2024\/08\/Kleiderkammer-1536x1152.jpg 1536w, https:\/\/heiligenrode.de\/wp-content\/uploads\/2024\/08\/Kleiderkammer-2048x1536.jpg 2048w, https:\/\/heiligenrode.de\/wp-content\/uploads\/2024\/08\/Kleiderkammer-400x300.jpg 400w\" sizes=\"auto, (max-width: 1024px) 100vw, 1024px\" \/><\/figure>\n\n\n\n<ul class=\"wp-block-list has-medium-font-size\">\n<li><strong>F\u00f6rderverein der Grundschule Heiligenrode<\/strong><br>mit <strong>Entenangeln<\/strong> und der<br>&#8222;<strong>Stempel Rallye Heiligenrode<\/strong>&#8222;<\/li>\n<\/ul>\n\n\n\n<figure class=\"wp-block-image size-large is-resized\"><img loading=\"lazy\" decoding=\"async\" width=\"736\" height=\"1024\" src=\"https:\/\/heiligenrode.de\/wp-content\/uploads\/2024\/08\/Stempelkarte-736x1024.jpg\" alt=\"\" class=\"wp-image-376\" style=\"width:256px;height:auto\" srcset=\"https:\/\/heiligenrode.de\/wp-content\/uploads\/2024\/08\/Stempelkarte-736x1024.jpg 736w, https:\/\/heiligenrode.de\/wp-content\/uploads\/2024\/08\/Stempelkarte-216x300.jpg 216w, https:\/\/heiligenrode.de\/wp-content\/uploads\/2024\/08\/Stempelkarte-768x1069.jpg 768w, https:\/\/heiligenrode.de\/wp-content\/uploads\/2024\/08\/Stempelkarte-1104x1536.jpg 1104w, https:\/\/heiligenrode.de\/wp-content\/uploads\/2024\/08\/Stempelkarte.jpg 1150w\" sizes=\"auto, (max-width: 736px) 100vw, 736px\" \/><\/figure>\n\n\n\n<ul class=\"wp-block-list has-medium-font-size\">\n<li><strong>Sportliches mit dem TSV Heiligenrode<\/strong><br><strong>Die Kunstturner<\/strong> werden sich pr\u00e4sentieren!<\/li>\n<\/ul>\n\n\n\n<figure class=\"wp-block-image size-full is-resized\"><img loading=\"lazy\" decoding=\"async\" width=\"726\" height=\"426\" src=\"https:\/\/heiligenrode.de\/wp-content\/uploads\/2024\/08\/TSV-Kunstturnen.png\" alt=\"\" class=\"wp-image-374\" style=\"width:359px;height:auto\" srcset=\"https:\/\/heiligenrode.de\/wp-content\/uploads\/2024\/08\/TSV-Kunstturnen.png 726w, https:\/\/heiligenrode.de\/wp-content\/uploads\/2024\/08\/TSV-Kunstturnen-300x176.png 300w, https:\/\/heiligenrode.de\/wp-content\/uploads\/2024\/08\/TSV-Kunstturnen-500x293.png 500w\" sizes=\"auto, (max-width: 726px) 100vw, 726px\" \/><\/figure>\n\n\n\n<ul class=\"wp-block-list has-medium-font-size\">\n<li><strong>Die Cheerleader<\/strong> pr\u00e4sentieren mehrfach ihre Auftritte um 12:00, 14:00 und 15:30 und begeistern auch durch einen Info-Stand <br>und freuen sich neue Leute, auf dem &#8217;50 Jahre Stuhr&#8216; Fest in Heiligenrode, kennen zu lernen!&#x1f499;&#x1f90d;<br>&#8211; Wir freuen uns Euch zu treffen!&nbsp;&#8211;<\/li>\n<\/ul>\n\n\n\n<figure class=\"wp-block-image size-large is-resized\"><img loading=\"lazy\" decoding=\"async\" width=\"1024\" height=\"734\" src=\"https:\/\/heiligenrode.de\/wp-content\/uploads\/2024\/08\/Cheerleader-1024x734.jpeg\" alt=\"\" class=\"wp-image-353\" style=\"width:266px;height:auto\" srcset=\"https:\/\/heiligenrode.de\/wp-content\/uploads\/2024\/08\/Cheerleader-1024x734.jpeg 1024w, https:\/\/heiligenrode.de\/wp-content\/uploads\/2024\/08\/Cheerleader-300x215.jpeg 300w, https:\/\/heiligenrode.de\/wp-content\/uploads\/2024\/08\/Cheerleader-768x550.jpeg 768w, https:\/\/heiligenrode.de\/wp-content\/uploads\/2024\/08\/Cheerleader-419x300.jpeg 419w, https:\/\/heiligenrode.de\/wp-content\/uploads\/2024\/08\/Cheerleader.jpeg 1453w\" sizes=\"auto, (max-width: 1024px) 100vw, 1024px\" \/><\/figure>\n\n\n\n<figure class=\"wp-block-image size-large is-resized\"><img loading=\"lazy\" decoding=\"async\" width=\"768\" height=\"1024\" src=\"https:\/\/heiligenrode.de\/wp-content\/uploads\/2024\/08\/Cheerleader_2-768x1024.jpeg\" alt=\"\" class=\"wp-image-354\" style=\"width:251px;height:auto\" srcset=\"https:\/\/heiligenrode.de\/wp-content\/uploads\/2024\/08\/Cheerleader_2-768x1024.jpeg 768w, https:\/\/heiligenrode.de\/wp-content\/uploads\/2024\/08\/Cheerleader_2-225x300.jpeg 225w, https:\/\/heiligenrode.de\/wp-content\/uploads\/2024\/08\/Cheerleader_2-1152x1536.jpeg 1152w, https:\/\/heiligenrode.de\/wp-content\/uploads\/2024\/08\/Cheerleader_2.jpeg 1200w\" sizes=\"auto, (max-width: 768px) 100vw, 768px\" \/><\/figure>\n\n\n\n<ul class=\"wp-block-list has-medium-font-size\">\n<li><strong>Der Sch\u00fctzenverein Heiligenrode<\/strong><br>bietet einen <strong>Stand mit Blasrohrschie\u00dfen f\u00fcr jung &amp; alt<\/strong>.<\/li>\n<\/ul>\n\n\n\n<figure class=\"wp-block-image size-large is-resized\"><img loading=\"lazy\" decoding=\"async\" width=\"768\" height=\"1024\" src=\"https:\/\/heiligenrode.de\/wp-content\/uploads\/2024\/08\/SVH_Blasrohschiessen-768x1024.jpeg\" alt=\"\" class=\"wp-image-352\" style=\"width:188px;height:auto\" srcset=\"https:\/\/heiligenrode.de\/wp-content\/uploads\/2024\/08\/SVH_Blasrohschiessen-768x1024.jpeg 768w, https:\/\/heiligenrode.de\/wp-content\/uploads\/2024\/08\/SVH_Blasrohschiessen-225x300.jpeg 225w, https:\/\/heiligenrode.de\/wp-content\/uploads\/2024\/08\/SVH_Blasrohschiessen-1152x1536.jpeg 1152w, https:\/\/heiligenrode.de\/wp-content\/uploads\/2024\/08\/SVH_Blasrohschiessen-1536x2048.jpeg 1536w, https:\/\/heiligenrode.de\/wp-content\/uploads\/2024\/08\/SVH_Blasrohschiessen-scaled.jpeg 1920w\" sizes=\"auto, (max-width: 768px) 100vw, 768px\" \/><\/figure>\n\n\n\n<p class=\"has-medium-font-size\"><em>14:00 Uhr<\/em><br><strong>Vorf\u00fchrung der Tanzgruppe Vergi\u00dfmeinnicht <\/strong><br><strong>der Behinderten Wohnheimat Stuhr<\/strong><\/p>\n\n\n\n<figure class=\"wp-block-image size-full is-resized\"><img loading=\"lazy\" decoding=\"async\" width=\"764\" height=\"422\" src=\"https:\/\/heiligenrode.de\/wp-content\/uploads\/2024\/08\/Tanzgruppe-Vergissmeinnicht.png\" alt=\"\" class=\"wp-image-362\" style=\"width:436px;height:auto\" srcset=\"https:\/\/heiligenrode.de\/wp-content\/uploads\/2024\/08\/Tanzgruppe-Vergissmeinnicht.png 764w, https:\/\/heiligenrode.de\/wp-content\/uploads\/2024\/08\/Tanzgruppe-Vergissmeinnicht-300x166.png 300w, https:\/\/heiligenrode.de\/wp-content\/uploads\/2024\/08\/Tanzgruppe-Vergissmeinnicht-500x276.png 500w\" sizes=\"auto, (max-width: 764px) 100vw, 764px\" \/><\/figure>\n\n\n\n<p class=\"has-medium-font-size\"><em>14.30 \u2013 15.30 Uhr<\/em><br><strong>Musik vom Kinderchor \u201cDie Lollypops\u201d und dem Kinderchor &#8222;Notenh\u00fcpfer&#8220; gemeinsam mit &#8222;Chorisma&#8220; <br>vor oder in der Klosterkirche<\/strong><\/p>\n\n\n\n<figure class=\"wp-block-image size-full is-resized\"><img loading=\"lazy\" decoding=\"async\" width=\"900\" height=\"469\" src=\"https:\/\/heiligenrode.de\/wp-content\/uploads\/2024\/08\/Lollipops-1.png\" alt=\"\" class=\"wp-image-366\" style=\"width:490px;height:auto\" srcset=\"https:\/\/heiligenrode.de\/wp-content\/uploads\/2024\/08\/Lollipops-1.png 900w, https:\/\/heiligenrode.de\/wp-content\/uploads\/2024\/08\/Lollipops-1-300x156.png 300w, https:\/\/heiligenrode.de\/wp-content\/uploads\/2024\/08\/Lollipops-1-768x400.png 768w, https:\/\/heiligenrode.de\/wp-content\/uploads\/2024\/08\/Lollipops-1-500x261.png 500w\" sizes=\"auto, (max-width: 900px) 100vw, 900px\" \/><\/figure>\n\n\n\n<figure class=\"wp-block-image size-full is-resized\"><img loading=\"lazy\" decoding=\"async\" width=\"818\" height=\"415\" src=\"https:\/\/heiligenrode.de\/wp-content\/uploads\/2024\/08\/Notenhuepfer-1.png\" alt=\"\" class=\"wp-image-367\" style=\"width:461px;height:auto\" srcset=\"https:\/\/heiligenrode.de\/wp-content\/uploads\/2024\/08\/Notenhuepfer-1.png 818w, https:\/\/heiligenrode.de\/wp-content\/uploads\/2024\/08\/Notenhuepfer-1-300x152.png 300w, https:\/\/heiligenrode.de\/wp-content\/uploads\/2024\/08\/Notenhuepfer-1-768x390.png 768w, https:\/\/heiligenrode.de\/wp-content\/uploads\/2024\/08\/Notenhuepfer-1-500x254.png 500w\" sizes=\"auto, (max-width: 818px) 100vw, 818px\" \/><\/figure>\n\n\n\n<figure class=\"wp-block-image size-full is-resized\"><img loading=\"lazy\" decoding=\"async\" width=\"756\" height=\"406\" src=\"https:\/\/heiligenrode.de\/wp-content\/uploads\/2024\/08\/Chorisma-1.png\" alt=\"\" class=\"wp-image-368\" style=\"width:527px;height:auto\" srcset=\"https:\/\/heiligenrode.de\/wp-content\/uploads\/2024\/08\/Chorisma-1.png 756w, https:\/\/heiligenrode.de\/wp-content\/uploads\/2024\/08\/Chorisma-1-300x161.png 300w, https:\/\/heiligenrode.de\/wp-content\/uploads\/2024\/08\/Chorisma-1-500x269.png 500w\" sizes=\"auto, (max-width: 756px) 100vw, 756px\" \/><\/figure>\n\n\n\n<p class=\"has-medium-font-size\"><em>17.00 \u2013 18.00 Uhr<\/em><br><strong>Serenade zum 50.-j\u00e4hrigen Bestehen des Posaunenchores an der Klosterkirche<\/strong><\/p>\n\n\n\n<figure class=\"wp-block-image size-full\"><img loading=\"lazy\" decoding=\"async\" width=\"442\" height=\"279\" src=\"https:\/\/heiligenrode.de\/wp-content\/uploads\/2024\/08\/Posaunenchor.png\" alt=\"\" class=\"wp-image-372\" srcset=\"https:\/\/heiligenrode.de\/wp-content\/uploads\/2024\/08\/Posaunenchor.png 442w, https:\/\/heiligenrode.de\/wp-content\/uploads\/2024\/08\/Posaunenchor-300x189.png 300w\" sizes=\"auto, (max-width: 442px) 100vw, 442px\" \/><\/figure>\n\n\n\n<figure class=\"wp-block-image size-full is-resized\"><img loading=\"lazy\" decoding=\"async\" width=\"571\" height=\"245\" src=\"https:\/\/heiligenrode.de\/wp-content\/uploads\/2024\/08\/Vorprogramm.png\" alt=\"\" class=\"wp-image-373\" style=\"width:454px;height:auto\" srcset=\"https:\/\/heiligenrode.de\/wp-content\/uploads\/2024\/08\/Vorprogramm.png 571w, https:\/\/heiligenrode.de\/wp-content\/uploads\/2024\/08\/Vorprogramm-300x129.png 300w, https:\/\/heiligenrode.de\/wp-content\/uploads\/2024\/08\/Vorprogramm-500x215.png 500w\" sizes=\"auto, (max-width: 571px) 100vw, 571px\" \/><\/figure>\n\n\n\n<p class=\"has-medium-font-size\">Ende auf dem Klosterhofplatz und Abmarsch zur M\u00fchlenwiese zum Come Together auf der M\u00fchlenwiese ab 18:00 Uhr mit Bratwurst und Getr\u00e4nken und zum Begin der langen Filmnacht ab 19:00 Uhr.(s.o.)<\/p>\n\n\n\n<p class=\"has-large-font-size\"><strong><em><mark style=\"background-color:#e2e2e2\" class=\"has-inline-color has-black-color\">Kindergarten Heiligenrode<\/mark><\/em><\/strong><\/p>\n\n\n\n<p class=\"has-medium-font-size\"><em>10.00 \u2013 14.00 Uhr<\/em><\/p>\n\n\n\n<ul class=\"wp-block-list\">\n<li class=\"has-medium-font-size\"><strong>Sommerfest des Kindergartens<\/strong><\/li>\n\n\n\n<li class=\"has-medium-font-size\"><strong>Musik vom Kinderchor \u201eKids mit Pfiff\u201c<\/strong><\/li>\n<\/ul>\n\n\n\n<figure class=\"wp-block-image size-full\"><img loading=\"lazy\" decoding=\"async\" width=\"922\" height=\"473\" src=\"https:\/\/heiligenrode.de\/wp-content\/uploads\/2024\/08\/Kids-mit-Pfiff.png\" alt=\"\" class=\"wp-image-375\" srcset=\"https:\/\/heiligenrode.de\/wp-content\/uploads\/2024\/08\/Kids-mit-Pfiff.png 922w, https:\/\/heiligenrode.de\/wp-content\/uploads\/2024\/08\/Kids-mit-Pfiff-300x154.png 300w, https:\/\/heiligenrode.de\/wp-content\/uploads\/2024\/08\/Kids-mit-Pfiff-768x394.png 768w, https:\/\/heiligenrode.de\/wp-content\/uploads\/2024\/08\/Kids-mit-Pfiff-500x257.png 500w\" sizes=\"auto, (max-width: 922px) 100vw, 922px\" \/><\/figure>\n\n\n\n<p class=\"has-x-large-font-size\"><strong>Wir freuen uns auf Euch!<\/strong><\/p>\n\n\n\n<figure class=\"wp-block-image size-large\"><img loading=\"lazy\" decoding=\"async\" width=\"1024\" height=\"293\" src=\"https:\/\/heiligenrode.de\/wp-content\/uploads\/2024\/06\/header-heiligenrode-final-2-1024x293.jpg\" alt=\"\" class=\"wp-image-315\" srcset=\"https:\/\/heiligenrode.de\/wp-content\/uploads\/2024\/06\/header-heiligenrode-final-2-1024x293.jpg 1024w, https:\/\/heiligenrode.de\/wp-content\/uploads\/2024\/06\/header-heiligenrode-final-2-300x86.jpg 300w, https:\/\/heiligenrode.de\/wp-content\/uploads\/2024\/06\/header-heiligenrode-final-2-768x220.jpg 768w, https:\/\/heiligenrode.de\/wp-content\/uploads\/2024\/06\/header-heiligenrode-final-2-1536x440.jpg 1536w, https:\/\/heiligenrode.de\/wp-content\/uploads\/2024\/06\/header-heiligenrode-final-2-500x143.jpg 500w, https:\/\/heiligenrode.de\/wp-content\/uploads\/2024\/06\/header-heiligenrode-final-2.jpg 1915w\" sizes=\"auto, (max-width: 1024px) 100vw, 1024px\" \/><\/figure>\n\n\n\n<p><\/p>\n","protected":false},"excerpt":{"rendered":"<p>Stand: 10.08.2024 Hier findet Ihr den Programmablauf der Feierlichkeiten in Heiligenrode anl\u00e4sslich des 50 j\u00e4hrigen Bestehens der Gemeinde Stuhr&#8230; Alle Aktionen mit Uhrzeit und Ort zum Download 10.00 &#8211; 12.00 M\u00fchlenwiese und Umzu 9.00 UhrOffizielle Begr\u00fc\u00dfung durch Stephan Korte, B\u00fcrgermeister &hellip; <a href=\"https:\/\/heiligenrode.de\/?page_id=313\">Weiterlesen <span class=\"meta-nav\">&rarr;<\/span><\/a><\/p>\n","protected":false},"author":4,"featured_media":315,"parent":0,"menu_order":0,"comment_status":"closed","ping_status":"closed","template":"","meta":{"footnotes":""},"class_list":["post-313","page","type-page","status-publish","has-post-thumbnail","hentry"],"_links":{"self":[{"href":"https:\/\/heiligenrode.de\/index.php?rest_route=\/wp\/v2\/pages\/313","targetHints":{"allow":["GET"]}}],"collection":[{"href":"https:\/\/heiligenrode.de\/index.php?rest_route=\/wp\/v2\/pages"}],"about":[{"href":"https:\/\/heiligenrode.de\/index.php?rest_route=\/wp\/v2\/types\/page"}],"author":[{"embeddable":true,"href":"https:\/\/heiligenrode.de\/index.php?rest_route=\/wp\/v2\/users\/4"}],"replies":[{"embeddable":true,"href":"https:\/\/heiligenrode.de\/index.php?rest_route=%2Fwp%2Fv2%2Fcomments&post=313"}],"version-history":[{"count":3,"href":"https:\/\/heiligenrode.de\/index.php?rest_route=\/wp\/v2\/pages\/313\/revisions"}],"predecessor-version":[{"id":392,"href":"https:\/\/heiligenrode.de\/index.php?rest_route=\/wp\/v2\/pages\/313\/revisions\/392"}],"wp:featuredmedia":[{"embeddable":true,"href":"https:\/\/heiligenrode.de\/index.php?rest_route=\/wp\/v2\/media\/315"}],"wp:attachment":[{"href":"https:\/\/heiligenrode.de\/index.php?rest_route=%2Fwp%2Fv2%2Fmedia&parent=313"}],"curies":[{"name":"wp","href":"https:\/\/api.w.org\/{rel}","templated":true}]}}